{"id":330,"date":"2024-08-10T15:52:17","date_gmt":"2024-08-10T15:52:17","guid":{"rendered":"http:\/\/www.albertogranados.com\/web2\/?page_id=330"},"modified":"2024-08-10T16:03:13","modified_gmt":"2024-08-10T16:03:13","slug":"politica-de-cookies","status":"publish","type":"page","link":"https:\/\/www.albertogranados.com\/web2\/politica-de-cookies\/","title":{"rendered":"Pol\u00edtica de Cookies\u00a0\u00a0"},"content":{"rendered":"\n<p>1. Definici\u00f3n y funciones de las cookies.<\/p>\n\n\n\n<p>Una cookie es un fichero que se descarga en el equipo del Usuario al acceder a determinados sitios web. Las cookies permiten al sitio web, entre otras cosas, almacenar y recuperar informaci\u00f3n sobre los h\u00e1bitos de navegaci\u00f3n del Usuario o de su equipo y, dependiendo de la informaci\u00f3n que contengan y de la forma en que utilice su equipo, pueden utilizarse para reconocer al Usuario.<\/p>\n\n\n\n<p>2. Tipos de cookies que puede utilizar este Sitio Web.<\/p>\n\n\n\n<p>\u2022 Cookies propias: Son aqu\u00e9llas que se env\u00edan al equipo terminal del Usuario desde un equipo o dominio gestionado por el Titular y desde el que se presta el servicio solicitado por el Usuario.<\/p>\n\n\n\n<p>\u2022&nbsp;&nbsp;Cookies funcionales: Son aqu\u00e9llas necesarias para el correcto funcionamiento del Sitio Web.<\/p>\n\n\n\n<p>\u2022&nbsp;&nbsp;Cookies de terceros: Son aqu\u00e9llas que se env\u00edan al equipo terminal del Usuario desde un equipo o dominio que no es gestionado por el Titular, sino por otra entidad que trata los datos&nbsp;<\/p>\n\n\n\n<p>3. Revocaci\u00f3n y eliminaci\u00f3n de cookies.<\/p>\n\n\n\n<p>El Usuario en cualquier momento podr\u00e1 seleccionar, rechazar o configurar el uso de Cookies, a trav\u00e9s de la herramienta de gesti\u00f3n de consentimiento para el tratamiento de Cookies disponible en cada Sitio Web.<\/p>\n\n\n\n<p>El Usuario tambi\u00e9n puede permitir, bloquear o eliminar las cookies instaladas en el equipo mediante la configuraci\u00f3n de las opciones del navegador instalado, en caso de que no permita la instalaci\u00f3n de cookies en su navegador es posible que no pueda acceder a alguna de las secciones del Sitio Web. Se puede encontrar informaci\u00f3n sobre c\u00f3mo configurar las cookies seg\u00fan el navegador utilizado en los siguientes enlaces (enlaces v\u00e1lidos a la fecha de edici\u00f3n del presente texto)<\/p>\n\n\n\n<p>Para m\u00e1s informaci\u00f3n sobre c\u00f3mo bloquear el uso de cookies en&nbsp;<strong>Chrome<\/strong><strong><\/strong><\/p>\n\n\n\n<p><a href=\"http:\/\/support.google.com\/chrome\/bin\/answer.py?hl=es&amp;answer=95647\">http:\/\/support.google.com\/chrome\/bin\/answer.py?hl=es&amp;answer=95647<\/a><\/p>\n\n\n\n<p>Para m\u00e1s informaci\u00f3n sobre c\u00f3mo bloquear el uso de cookies en&nbsp;<strong>Firefox<\/strong><strong><\/strong><\/p>\n\n\n\n<p><a href=\"http:\/\/support.mozilla.org\/es\/kb\/habilitar-y-deshabilitar-cookies-que-los-sitios-we\">http:\/\/support.mozilla.org\/es\/kb\/habilitar-y-deshabilitar-cookies-que-los-sitios-we<\/a><\/p>\n\n\n\n<p>Para m\u00e1s informaci\u00f3n sobre c\u00f3mo bloquear el uso de cookies en&nbsp;<strong>Edge<\/strong><strong><\/strong><\/p>\n\n\n\n<figure class=\"wp-block-embed\"><div class=\"wp-block-embed__wrapper\">\nhttps:\/\/support.microsoft.com\/es-es\/microsoft-edge\/eliminar-las-cookies-en-microsoft-edge-63947406-40ac-c3b8-57b9-2a946a29ae09\n<\/div><\/figure>\n\n\n\n<p>Para m\u00e1s informaci\u00f3n sobre c\u00f3mo bloquear el uso de cookies en&nbsp;<strong>Safari<\/strong><strong><\/strong><\/p>\n\n\n\n<p><a href=\"http:\/\/support.apple.com\/kb\/ph5042\">http:\/\/support.apple.com\/kb\/ph5042<\/a><\/p>\n\n\n\n<p>El Titular no se hace responsable del contenido y veracidad de las pol\u00edticas de privacidad de los terceros incluidos en los enlaces de este Aviso Legal.<\/p>\n\n\n\n<p>4. Terceros prestadores de servicios.&nbsp;<\/p>\n\n\n\n<p> Ver detalles de las cookies en widget \/ bot\u00f3n flotante <\/p>\n\n\n\n<p><\/p>\n\n\n\n<p>En concreto los terceros con los que se ha gestionado alg\u00fan servicio para el que es necesaria la utilizaci\u00f3n de cookies son:<strong><\/strong><\/p>\n\n\n\n<p>El Titular declina cualquier responsabilidad respecto al contenido y veracidad de la informaci\u00f3n y pol\u00edticas&nbsp;de privacidad relativas a las cookies de terceros.<\/p>\n\n\n\n<p>Para m\u00e1s informaci\u00f3n sobre el uso de cookies en este Sitio Web el Usuario puede solicitarla a trav\u00e9s del siguiente correo:&nbsp;info@gastroplanet.es<\/p>\n\n\n\n<p>La presente pol\u00edtica fue modificada a fecha el 6 de agosto de 2024.<\/p>\n","protected":false},"excerpt":{"rendered":"<div class=\"mh-excerpt\"><p>1. Definici\u00f3n y funciones de las cookies. Una cookie es un fichero que se descarga en el equipo del Usuario al acceder a determinados sitios <a class=\"mh-excerpt-more\" href=\"https:\/\/www.albertogranados.com\/web2\/politica-de-cookies\/\" title=\"Pol\u00edtica de Cookies\u00a0\u00a0\">[&#8230;]<\/a><\/p>\n<\/div>","protected":false},"author":1,"featured_media":0,"parent":0,"menu_order":0,"comment_status":"closed","ping_status":"closed","template":"","meta":{"footnotes":""},"class_list":["post-330","page","type-page","status-publish","hentry"],"_links":{"self":[{"href":"https:\/\/www.albertogranados.com\/web2\/wp-json\/wp\/v2\/pages\/330","targetHints":{"allow":["GET"]}}],"collection":[{"href":"https:\/\/www.albertogranados.com\/web2\/wp-json\/wp\/v2\/pages"}],"about":[{"href":"https:\/\/www.albertogranados.com\/web2\/wp-json\/wp\/v2\/types\/page"}],"author":[{"embeddable":true,"href":"https:\/\/www.albertogranados.com\/web2\/wp-json\/wp\/v2\/users\/1"}],"replies":[{"embeddable":true,"href":"https:\/\/www.albertogranados.com\/web2\/wp-json\/wp\/v2\/comments?post=330"}],"version-history":[{"count":2,"href":"https:\/\/www.albertogranados.com\/web2\/wp-json\/wp\/v2\/pages\/330\/revisions"}],"predecessor-version":[{"id":336,"href":"https:\/\/www.albertogranados.com\/web2\/wp-json\/wp\/v2\/pages\/330\/revisions\/336"}],"wp:attachment":[{"href":"https:\/\/www.albertogranados.com\/web2\/wp-json\/wp\/v2\/media?parent=330"}],"curies":[{"name":"wp","href":"https:\/\/api.w.org\/{rel}","templated":true}]}}