{"id":13,"date":"2014-04-13T14:36:49","date_gmt":"2014-04-13T14:36:49","guid":{"rendered":"http:\/\/www.albertogranados.com\/web2\/?page_id=13"},"modified":"2014-04-13T14:38:36","modified_gmt":"2014-04-13T14:38:36","slug":"sobre-mi","status":"publish","type":"page","link":"https:\/\/www.albertogranados.com\/web2\/sobre-mi\/","title":{"rendered":"SOBRE MI"},"content":{"rendered":"<p><b>Alberto Granados Mart\u00ednez<\/b> (Madrid, 16 de enero de 1965) es un periodista y escritor espa\u00f1ol. En la actualidad escribe para las editoriales Aguilar y Espasa. Ha trabajado hasta julio de 2013 en la Cadena Ser donde su \u00faltima ocupaci\u00f3n ha sido dirigir y presentar los programas <i>Ser Curiosos<\/i> y <i>A Vivir Madrid.<\/i><\/p>\n<p>En 2009 fue galardonado con el premio Antena de Plata que concede cada a\u00f1o la Asociaci\u00f3n de Profesionales de Radio y Televisi\u00f3n de Madrid.<\/p>\n<p><a href=\"http:\/\/www.albertogranados.com\/planetaenconserva\/wp-content\/uploads\/2010\/09\/para-blog.jpg\"><img loading=\"lazy\" decoding=\"async\" class=\"aligncenter size-full wp-image-109\" alt=\"para blog\" src=\"http:\/\/www.albertogranados.com\/planetaenconserva\/wp-content\/uploads\/2010\/09\/para-blog.jpg\" width=\"608\" height=\"727\" \/><\/a><\/p>\n<p><span style=\"color: #ff6600;\"><strong>Trayectoria profesional<\/strong><\/span><\/p>\n<hr \/>\n<p>Sus inicios nada tienen que ver con el periodismo; Estudi\u00f3 Qu\u00edmicas en el Instituto Polit\u00e9cnico \u00abLa Paloma\u00bb y su posterior ocupaci\u00f3n laboral fue en la cartograf\u00eda, concretamente en la fotogrametr\u00eda, llegando a dirigir su propia empresa.<\/p>\n<p>En el a\u00f1o 1994 ingres\u00f3 en la academia Locuci\u00f3n y Pr\u00e1cticas donde realiz\u00f3 varios cursos de locuci\u00f3n publicitaria, redacci\u00f3n period\u00edstica y foniatr\u00eda.<\/p>\n<p>En el a\u00f1o 2008 comenz\u00f3 la carrera de Psicolog\u00eda en la UNED.<\/p>\n<p><span style=\"color: #ff6600;\"><strong>Radio<\/strong><\/span><\/p>\n<hr \/>\n<p>Trabaj\u00f3 en varias emisoras locales y posteriormente en <b>Europa FM<\/b> en el programa deportivo de H\u00e9ctor del Mar. En 1997 comenz\u00f3 su andadura en la <b>Cadena SER<\/b>. <a href=\"http:\/\/www.albertogranados.com\/planetaenconserva\/wp-content\/uploads\/2010\/09\/AB1.jpg\"><img loading=\"lazy\" decoding=\"async\" class=\"alignright size-medium wp-image-110\" alt=\"AB1\" src=\"http:\/\/www.albertogranados.com\/planetaenconserva\/wp-content\/uploads\/2010\/09\/AB1-300x206.jpg\" width=\"300\" height=\"206\" \/><\/a>En esta emisora ha sido redactor de varios programas (<i>El foro<\/i>, <i>Hola Madrid<\/i>, <i>Hoy por hoy Madrid<\/i>, <i>Ser aventureros<\/i>, <i>Pistas blancas, Milenio 3<\/i> o <i>Carrusel de verano<\/i>) y presentador de otros muchos (<i>El club de las siete<\/i>, <i>El club del verano<\/i>, <i>Carrusel de verano<\/i>, <i>Pistas blancas<\/i>, <i>Ser Curiosos<\/i>, <i>Todo es ponerse<\/i>, <i>No estamos locos, Hoy por Hoy Madrid<\/i> o <i>Gran V\u00eda<\/i>, renombrado desde 2009 como <i>A vivir Madrid<\/i>). Adem\u00e1s, junto a su equipo habitual se ha ocupado de varios especiales de Nochevieja y de los veranos de la <b>Cadena SER.<\/b><\/p>\n<p><span style=\"color: #ff6600;\"><strong>Televisi\u00f3n<\/strong><\/span><\/p>\n<hr \/>\n<p>En televisi\u00f3n ha sido colaborador de los espacios <i>Punto G<\/i> y <i>Palabras mayores<\/i> del canal <b>Localia Tv<\/b> y reportero y redactor del programa semanal <i>Cuarto Milenio<\/i>, de<b>Cuatro Televisi\u00f3n<\/b>.<\/p>\n<p><span style=\"color: #ff6600;\"><strong>Prensa escrita<\/strong><\/span><\/p>\n<hr \/>\n<p>Ha colaborado en diversos medios escritos, como la revista <b>Intervi\u00fa<\/b>, en la que escribi\u00f3 durante dos a\u00f1os la secci\u00f3n <i>El plan de fin de semana<\/i> o en la revista <b>Enigmas<\/b>. Tambi\u00e9n colabora escribiendo sobre viajes y gastronom\u00eda en la revista <b>Cocina Futuro<\/b> y en varios portales de Internet como <b>Radiocable <\/b>o <b>Ganas de viajar. <\/b><\/p>\n<p><b><\/b>Es autor del blog de gastronom\u00eda y viajes<b> \u00abPlaneta en conserva\u00bb.<\/b><\/p>\n<p><b><\/b><span class=\"Apple-style-span\" style=\"color: #ff6600;\"><strong>Obra literaria<\/strong><\/span><\/p>\n<hr \/>\n<p>Hasta ahora, Granados ha escrito 6 libros:<\/p>\n<p>En 2005, en co-autor\u00eda con el tambi\u00e9n periodista Joaqu\u00edn Merino, public\u00f3 <b><i>Titanes de los fogones<\/i><\/b>, un compendio de semblanzas de 26 personalidades de la gastronom\u00eda espa\u00f1ola.<\/p>\n<p>En 2007, dentro de la colecci\u00f3n Milenio, apareci\u00f3 el exitoso <b><i>Leyendas urbanas: Entre la realidad y la superstici\u00f3n<\/i><\/b>, trabajo que se mantuvo durante varias semanas entre los m\u00e1s vendidos de la editorial Aguilar y cuyas cuatro primeras ediciones se agotaron.<a href=\"http:\/\/www.albertogranados.com\/planetaenconserva\/wp-content\/uploads\/2010\/09\/AB12.jpg\"><img loading=\"lazy\" decoding=\"async\" class=\"alignright size-medium wp-image-153\" alt=\"AB12\" src=\"http:\/\/www.albertogranados.com\/planetaenconserva\/wp-content\/uploads\/2010\/09\/AB12-214x300.jpg\" width=\"214\" height=\"300\" \/><\/a><\/p>\n<p>El 18 de febrero de 2009 la misma editorial public\u00f3 <b><i>\u00bfEs eso cierto?<\/i><\/b>, una obra de car\u00e1cter divulgativo que desmenuza los grandes avances cient\u00edficos del siglo XXI.<\/p>\n<p>En febrero de 2010 apareci\u00f3 el volumen <b><i>Leyendas Urbanas Ilustradas<\/i><\/b>, adaptaci\u00f3n al c\u00f3mic de su obra anterior, con dibujos de Ra\u00fal Palacio y textos del propio Granados.<\/p>\n<p>En Noviembre de 2010 se public\u00f3 <b>La historia m\u00e1s curiosa<\/b> una colecci\u00f3n de los episodios m\u00e1s peculiares, ins\u00f3litos y truculentos que no aparecen en los libros de historia habituales. Muertes inauditas, batallas surrealistas, asesinos despiadados, esp\u00edas hist\u00f3ricos&#8230;<\/p>\n<p>El 10 de Mayo de 2011 sali\u00f3 al mercado su primera novela <b>Los Vigilantes de los D\u00edas<\/b> un apasionante thriller ambientado en M\u00e9xico y con el tema de los narcos como tel\u00f3n de fondo. Fue publicado por ESPASA<\/p>\n<p>En febrero de 2013 Aguilar public\u00f3 <b>Historias imprescindibles para los amantes de los viajes<\/b>, una recopilaci\u00f3n de historias curiosas relacionadas con el mundo de la aventura y los viajes; desde curiosidades geogr\u00e1ficas a lugares imprescindibles que se deben visitar pasando por historias de barcos, trenes o aviones.<\/p>\n<p>En Octubre de este a\u00f1o se publicar\u00e1 Las rutas del misterio. El Madrid oscuro, las historias m\u00e1s inquietantes, macabras o misteriosas vividas en Madrid y noveladas para que el lector conozca el Madrid m\u00e1s oscuro.<\/p>\n<p><span style=\"color: #ff6600;\"><strong>Otros<\/strong><\/span><\/p>\n<hr \/>\n<p>Interesado por los temas de crecimiento personal, es Coach y Practitioner en Programaci\u00f3n Neuroling\u00fcistica (PNL), as\u00ed como Master en Inteligencia Emocional por la Universidad Camilo Jos\u00e9 Cela.<\/p>\n<p>En la actualidad Alberto Granados compagina su trabajo dando conferencias o realizando presentaciones.<\/p>\n<p><a href=\"http:\/\/www.albertogranados.com\/planetaenconserva\/wp-content\/uploads\/2010\/09\/ALB.jpg\"><img loading=\"lazy\" decoding=\"async\" class=\"aligncenter size-full wp-image-157\" alt=\"ALB\" src=\"http:\/\/www.albertogranados.com\/planetaenconserva\/wp-content\/uploads\/2010\/09\/ALB.jpg\" width=\"627\" height=\"909\" \/><\/a><\/p>\n<p style=\"text-align: center;\"><strong>\u00bfNecesitas m\u00e1s informaci\u00f3n sobre Alberto Granados? <\/strong><\/p>\n<p style=\"text-align: center;\"><strong>B\u00e1jate su dossier de prensa.<\/strong><\/p>\n<p style=\"text-align: center;\"><strong><a href=\"http:\/\/www.albertogranados.com\/PDFs\/DOSIER%20ALBERTO%20GRANADOS%205.pdf\">DOSIER ALBERTO GRANADOS<\/a> <\/strong>(8,7 Mb) <strong><br \/>\n<\/strong><\/p>\n<p>&nbsp;<\/p>\n","protected":false},"excerpt":{"rendered":"<div class=\"mh-excerpt\"><p>Alberto Granados Mart\u00ednez (Madrid, 16 de enero de 1965) es un periodista y escritor espa\u00f1ol. En la actualidad escribe para las editoriales Aguilar y Espasa. <a class=\"mh-excerpt-more\" href=\"https:\/\/www.albertogranados.com\/web2\/sobre-mi\/\" title=\"SOBRE MI\">[&#8230;]<\/a><\/p>\n<\/div>","protected":false},"author":1,"featured_media":15,"parent":0,"menu_order":0,"comment_status":"open","ping_status":"open","template":"","meta":{"footnotes":""},"class_list":["post-13","page","type-page","status-publish","has-post-thumbnail","hentry"],"_links":{"self":[{"href":"https:\/\/www.albertogranados.com\/web2\/wp-json\/wp\/v2\/pages\/13","targetHints":{"allow":["GET"]}}],"collection":[{"href":"https:\/\/www.albertogranados.com\/web2\/wp-json\/wp\/v2\/pages"}],"about":[{"href":"https:\/\/www.albertogranados.com\/web2\/wp-json\/wp\/v2\/types\/page"}],"author":[{"embeddable":true,"href":"https:\/\/www.albertogranados.com\/web2\/wp-json\/wp\/v2\/users\/1"}],"replies":[{"embeddable":true,"href":"https:\/\/www.albertogranados.com\/web2\/wp-json\/wp\/v2\/comments?post=13"}],"version-history":[{"count":2,"href":"https:\/\/www.albertogranados.com\/web2\/wp-json\/wp\/v2\/pages\/13\/revisions"}],"predecessor-version":[{"id":16,"href":"https:\/\/www.albertogranados.com\/web2\/wp-json\/wp\/v2\/pages\/13\/revisions\/16"}],"wp:featuredmedia":[{"embeddable":true,"href":"https:\/\/www.albertogranados.com\/web2\/wp-json\/wp\/v2\/media\/15"}],"wp:attachment":[{"href":"https:\/\/www.albertogranados.com\/web2\/wp-json\/wp\/v2\/media?parent=13"}],"curies":[{"name":"wp","href":"https:\/\/api.w.org\/{rel}","templated":true}]}}